- 3)?
-2
What is 14 - (13 + -14 + 14 - -12)?
-11
Evaluate 2 - -1 - (-2 + 83 - 48).
-30
What is (-13 + 17 - 12) + -5 + -7?
-20
Calculate -12 + 31 + (-1 - 24).
-6
What is 3 + -3 + -5 + -2 + -8?
-15
Evaluate -2 + 2 - (-6 - (-13 - 4)).
-11
Calculate -7 + 5 + 2 + 20 + -8.
12
(11 - (18 - -9)) + 16
0
Evaluate 7 - (-5 + 4 + -5 - -18).
-5
Calculate -14 - (11 + -13 + 1) - -7.
-6
What is -15 - -5 - (-1 - (-12 - 15))?
-36
Calculate 15 - (11 - (-31 + 15)).
-12
What is -7 - -5 - (-19 + 5)?
12
Evaluate 28 + 14 + 6 - 27.
21
(-1 + (-7 - -10) - 7) + (0 - -1)
-4
28 + -14 - (21 - 11)
4
What is the value of 59 + -55 - (2 + (2 - 1)) - 4?
-3
Evaluate 0 - 14 - (185 - 174).
-25
What is the value of 6 + -8 + (15 - (-8 + 25))?
-4
What is -9 + (4 - (-3 + 4 - -5 - 1))?
-10
Evaluate -9 + -1 + 18 + 4 + 15 - 8.
19
What is -538 - -555 - (-6 - 0)?
23
What is the value of 23 - (25 + 8 + -18)?
8
What is (-9 - (-1 - -1)) + (-363 - -366)?
-6
(-2 - (4 + 0)) + 0 + 8 + -15
-13
What is the value of -2 - (1 + -4) - -9 - (-4 + 12)?
2
Evaluate -23 + 33 + 4 - 7.
7
Evaluate 11 + -7 - -5 - (-1 - 2 - -4).
8
Evaluate -12 - -4 - (13 + -15 + 3).
-9
What is 53 + -23 - 47 - (18 + -1)?
-34
What is the value of 0 - 1 - (9 + (6 + 1 - 18))?
1
What is 98 - 86 - (1 + -1)?
12
Evaluate -48 - -43 - (3 + -2) - (-21 - 0).
15
What is -1 - 8 - (40 + -59) - 18?
-8
What is the value of (24 - (-9 - (-9 - 5))) + (-6 - 0)?
13
-4 - (6 + -16 + -3 + (-1 - -4))
6
What is -4 + 0 - (-23 - (0 - 10))?
9
What is the value of 74 + (-9 - 34) + 4?
35
Evaluate -35 + (68 - 27) + 0 + -34.
-28
Evaluate 8 + (9 - 8) + -3 - (0 - 3).
9
What is the value of (29 - -2) + -10 + -19?
2
What is -29 + (25 - -36) + -7?
25
What is 10 - (59 + -60) - (-1 - 2)?
14
What is (2 - (3 + -1)) + (-310 - -298)?
-12
What is the value of (-10 - -1 - -7) + -1 - 2?
-5
Evaluate -5 - ((-5 - -2 - -11) + -12).
-1
-10 + 16 + 22 + -9
19
What is the value of -16 - ((-173 - -185) + -1 + 4)?
-31
What is -11 + -8 + 8 + (7 - 10)?
-14
What is -1 + 4 - (-520 - -507)?
16
What is -8 + -8 + 8 - -19 - (-2 - 1)?
14
Evaluate -7 + 16 + -9 - 10.
-10
-20 + 12 + 0 + -2
-10
What is the value of -46 + 33 - (2 - 19)?
4
(-6 + 11 - 3) + -11 + (19 - 10)
0
Evaluate (-3 - -9) + -11 + 9 + 7.
11
Evaluate -3 + 1 + -49 + (-14 - -73).
8
Calculate -8 - (-18 - (-10 - -4)).
4
What is -32 - 2 - (309 - 364)?
21
What is the value of (-33 - -20) + 24 - 24?
-13
What is the value of 9 - (-62 + 71 + (3 - -8))?
-11
Evaluate 0 + -4 + 20 + (-17 - -11).
10
What is (8 - -1) + -52 + 59?
16
5 + -2 - (-3 + 30 + -14)
-10
6 - (-11 + (5 - 6) + 9)
9
What is the value of (13 - 9) + 3 + (-6 - -13)?
14
Evaluate -2 + 30 + (-57 - -36).
7
4 - (-4 + (0 - -11))
-3
Evaluate 7 + 14 + -27 - -17.
11
10 + -12 + 4 + -1 + -2 + 11
10
(-2 - 0) + (-19 - (5 + -7 + 1))
-20
-2 + 2 + 10 + 17 + -25
2
-7 - (17 + -12 + 1 + -14) - -27
28
What is 10 - (-7 + -10 - -16 - (0 - -5))?
16
What is (-9 - ((5 - -4) + (-29 - -12))) + 1?
0
What is -9 - ((-5 - 25) + 18)?
3
What is the value of -3 + (1 - -5) + 21 + -27?
-3
Calculate -6 - (-1 + -5 - -11 - 6 - -8).
-13
What is the value of -6 - ((7 - 3 - -3) + -15)?
2
What is the value of (0 - 4) + -18 + 12?
-10
What is -7 - (4 - (16 - 5) - (0 + -5))?
-5
Evaluate 17 - 22 - -6 - -1.
2
Evaluate -15 - -2 - (-1 - 2) - -1.
-9
What is (-68 - -64) + -5 + 2 + 10 + -5?
-2
-2 + -1 + 5 - (-42 - -67)
-23
What is 70 + -68 + -3 + 0 + -3 + -12?
-16
What is 16 + -18 + -3 + (-3 - -2 - -9)?
3
Calculate -13 - (0 - ((8 - (-2 - -4)) + -4)).
-11
What is 3 + (16 - 6) + 7?
20
What is the value of (3 - (-5 - -8)) + 3 + -12 + 2?
-7
Calculate 99 + -132 + 20 + 2.
-11
6 + -2 - (2 + 4 + -14 - 1)
13
What is the value of (-44 + 25 - -8) + (6 - -29)?
24
2 + -3 - ((10 - 7) + -8) - 1
3
Calculate 44 - (41 + 4) - (-37 - (3 + -5)).
34
-16 + -3 + (13 - -19)
13
What is the value of -9 + -5 - (1 + -3)?
-12
What is -12 - -7 - 18 - -18?
-5
Evaluate (9 - -2) + (-9 - 16).
-14
What is 11 - (22 - 5) - -14 - (34 - 5)?
-21
3 + -24 - (-46 + 5)
20
What is 16 + 18 + -29 + -17 + (-5 - -1)?
-16
What is -5 - (9 - 18) - (-8 - (-17 - -3))?
-2
Evaluate 51 + -49 - (7 + 4 + -8 - -39).
-40
What is -2182 + 2162 + -1 + 8 + 0?
-13
What is -4 - (0 + -5 + 7 - (5 - -4))?
3
(0 - -5) + (0 - 6 - -4)
3
Evaluate -1 - ((-4 - -7 - -1) + (-6 - -6)).
-5
Calculate -11 - 1 - (-33 + 25).
-4
What is 4 - (24 - 4 - 5)?
-11
What is the value of 15 + -4 - (21 - (24 - (23 - 12)))?
3
Calculate 17 - ((1 - (17 - 43)) + -16).
6
What is the value of (1514 - 1507) + -2 + (0 - -1)?
6
What is the value of 169 - 151 - (1 + 16)?
1
Calculate -4 + 2 + 12 - (10 + -4 + -9).
13
(5 - -3) + 5 + -6
7
What is the value of (10 - 18) + 13 + 10?
15
Evaluate 3 + -3 - (-27 - -24).
3
Evaluate (2 + -11 + 4 - -7) + -7 + -9.
-14
-20 + (-5 + 8 - 2) + (7 - 4)
-16
Evaluate -5 + (19 - (0 + 6) - 2).
6
What is the value of -55 + 68 + (0 - 9 - -2)?
6
-49 - -12 - (27 + -61)
-3
What is 1 + (-5 - -3) + (25 - 57) + 4?
-29
What is the value of -10 - (-5 - (-2 - -14)) - -11?
18
Evaluate 9 - (52 + (10 - 9) - 14).
-30
What is the value of (-9 - -2) + 1 - ((-9 - 6) + 2)?
7
What is the value of 24 - (3 + -25 + (-9 - -17) + 10)?
28
75 - 41 - (25 + 3)
6
What is -13 + (32 - 23) - (-17 - 1)?
14
Evaluate -18 + 2 + -13 + (7 - -6).
-16
What is -7 - (1 + (-48 - -16)) - 1?
23
Calculate 2 + -30 - (46 - (-53 - -109)).
-18
What is -11 + (12 + 15 - 28)?
-12
What is (-16 + 5 + -3 - (1 + -1)) + 4?
-10
-7 + (-2 - -21) + (-20 - -20)
12
Evaluate 37 - 28 - ((-3 - 0) + 67 + -61).
6
Calculate (22 + -37 - 3) + 16.
-2
2 - (-9 - -3 - (-4 + (-2 - -6)))
8
Calculate -12 + (2 - (-17 + 7)).
0
Evaluate 13 + 0 - (-20 + 21) - -7.
19
What is -8 + (0 - 11 - (16 + -21))?
-14
What is -15 + -3 + (0 - -2) - (-500 - -503)?
-19
(-17 - -30) + 5 + -14
4
Evaluate (6 - 9) + 6 + -1 - -14.
16
What is the value of (-1 - -2) + (-25 - -1) + 18?
-5
Calculate -3 - (-4 + 9 + -23 - (1 + -5)).
11
What is 6 + (-5 - -1) + -4 + 5?
3
What is the value of 5 + (3 - 1) + (12 - 28) + 19?
10
Evaluate (-2 - 1) + (-5 - (7 + -14 - -5)).
-6
Calculate -27 + 18 - (1 - 4 - (-1 - 3)).
-10
-21 - (-1 - 5 - 1 - 4)
-10
What is the value of (9 - 2) + (-31 - -10) + 5?
-9
What is 7 + 12 - (26 - 7)?
0
What is 9 + -15 + -5 + 8 - (-5 - 2)?
4
What is 1 + 1 + -1 - (-902 + 895)?
8
What is (-24 - (-30 + 7)) + -2 + -1?
-4
39 + -38 + -2 + -32
-33
-4 + -3 + -4 + -1 + 1 - -4
-7
25 + (58 - 80) - (0 + -1)
4
Calculate (-15 - (-7 - 10 - -7)) + 2.
-3
What is the value of 0 + (15 - ((2 - 2) + (12 - 2)))?
5
Evaluate 16 + -33 - -14 - (0 + -6 + 12).
-9
What is 20 + -22 - 7 - -11?
2
What is the value of 172 - 177 - (-30 + -1) - 8?
18
Calculate 10 + (6 - (7 + 1 + -3)) - 20.
-9
Evaluate -2 + 0 - ((16 + -14 - 3) + 7).
-8
Calculate -10 + -43 + 67 + -33.
-19
Calculate 9 + -23 + (-23 - -22) + (2 - 10).
-23
(-8 - -3 - 2) + (8 - -2)
3
What is 476 - 475 - (5 - 1 - (1 - 1))?
-3
Evaluate 6 - (9 + -2) - (4 - 7).
2
Evaluate 5 - -2 - (-1 + 15 + 4).
-11
Evaluate 5 + (-18 - (-21 + 36)).
-28
What is the value of (-37 - -26 - 4) + -10 + 2?
-23
What is the value of 1 + (7 - (17 - -1 - 6)) + -12?
-16
What is 3 - 0 - (111 - 118)?
10
14 + -8 + 5 + -17
-6
Calculate 15 + -10 + 35 + (-4 - 10).
26
-7 + 4 + (14 - 4)
7
What is the value of -11 + (-16 + 12 - -1) - -37?
23
Evaluate -2 + (-3 - 13) + 13.
-5
Evaluate 5 + 6 + (0 - -6 - (-21 + 27)).
11
What is -7 + -3 - (-3 - (8 + 4 + 16))?
21
What is the value of 1 - (-4 + -2) - (-26 - -32 - 2)?
3
What is 32 + -1 + -27 + (1 + -1 - 4)?
0
1 + 1 - (46 - 41)
-3
Calculate -6 - ((16 - 19) + (0 - 1)).
-2
Evaluate (-5 - (-1 + -5 + 2)) + 5.
4
Calculate -43 + -31 + -10 + 65.
-19
Evaluate 37 - ((-3 - 0) + -10 - -25).
25
-7 + (-25 - -67) - 21
14
(8 - 2) + -7 + 10 + -9
0
Calculate 103 - 108 - (-1 - -13) - 5.
-22
Evaluate -6 - (-1 - 0 - (133 - 130)).
-2
What is the value of -498 + 503 + -4 + 1?
2
24 + -12 + 2 + 19 + -6
27
What is -31 - -31 - 11 - 5?
-16
What is -13 - ((33 - 20) + -18)?
-8
8 - (8 - ((7 - -17) + -14))
10
Calculate -54 + 87 - (5 - -19).
9
What is the value of -12 + (13 - 6) + -6?
-11
What is 27 + -1 + -11 + (-5 - -4)?
14
What is the value of 8 - (-7 - 4 - -29)?
-10
Calculate 0 + -29 - (54 - (-19 - -80)).
-22
What is the value of -18 - (-31 + 24 - -19)?
-30
What is 39 + -1 + (-18 - 18)?
2
12 + 12 + 16 + -29
11
(-133 - -142) + -10 + 3
2
What is the value of -13 - ((6 - 16) + -18 + 7)?
8
10 + 12 - 3 - 7
12
What